1230 (base 4) in base 15?
-13a4
Convert -6dfd3 (base 16) to base 5.
-103404030
-179851 (base 13) to base 4
-2100220123
1111122011021 (base 3) to base 6
25050524
-410413 (base 5) to base 16
-33b1
Convert 121311020023 (base 4) to base 14.
c838dd
What is -658056 (base 9) in base 2?
-1011111111100010110
Convert 22420132 (base 5) to base 7.
1465600
What is 12011110211100 (base 3) in base 4?
22132033020
What is c0447 (base 14) in base 11?
295a94
Convert 196856 (base 12) to base 7.
3541221
-36cbb (base 16) to base 15
-4677d
188707 (base 14) to base 2
11010100000010000011
Convert -203d32 (base 16) to base 12.
-85a842
What is 14241142 (base 5) in base 11?
a23a2
-145452 (base 9) to base 11
-61110
What is -876214 (base 9) in base 7?
-4305253
What is 114088 (base 15) in base 14?
176228
-10001010010000101001 (base 2) to base 11
-357530
What is 66874 (base 12) in base 2?
100001001101011000
13c9c (base 16) to base 10
81052
What is -4ba46 (base 12) in base 16?
-19416
12342103 (base 6) to base 11
255225
What is -955939 (base 10) in base 7?
-11060665
What is -523232 (base 13) in base 10?
-1920557
Convert -143682 (base 9) to base 2.
-10101011111101000
Convert -304538b (base 12) to base 4.
-202201133123
Convert -176b5 (base 13) to base 10.
-45102
Convert 5555741 (base 10) to base 2.
10101001100011000011101
Convert -123321333211 (base 4) to base 5.
-3333043204
-114697 (base 13) to base 12
-179184
582637 (base 12) to base 9
2585177
Convert -11111011001100011 (base 2) to base 8.
-373143
What is -228a3 (base 11) in base 6?
-412521
Convert -5012100 (base 6) to base 12.
-b4030
20120202221002 (base 3) to base 4
31112102030
What is -21122122222 (base 3) in base 14?
-3cc95
-1b6699 (base 13) to base 10
-699786
-23987a (base 11) to base 2
-1011100100010110011
Convert 1003200144 (base 5) to base 3.
10202221010101
Convert -2364163 (base 9) to base 6.
-43253133
What is -a4390 (base 11) in base 15?
-30166
What is 2232204 (base 5) in base 6?
503411
Convert 6786d (base 15) to base 13.
b6b51
-164637 (base 10) to base 13
-59c25
Convert -7aa2 (base 13) to base 16.
-4331
What is -136537 (base 9) in base 4?
-110121121
Convert -12100203 (base 7) to base 3.
-2000122122120
121110010102 (base 3) to base 5
40330033
Convert 31350660 (base 8) to base 5.
3202012231
Convert -251225 (base 10) to base 15.
-4e685
Convert 1e723 (base 15) to base 7.
563016
-577f (base 16) to base 14
-823d
624573 (base 10) to base 15
c50d3
What is -24423664 (base 8) in base 15?
-715461
b843 (base 13) to base 16
63e6
Convert -10000001001111100100001 (base 2) to base 15.
-589c61
Convert 18572030 (base 9) to base 10.
9377154
What is 10010001010111100010000 (base 2) in base 5?
2204412113
Convert 416717 (base 8) to base 12.
68327
What is 605057 (base 8) in base 11?
126745
-2d61d1 (base 14) to base 8
-6045133
What is 123003101032 (base 4) in base 5?
3303410103
-407927 (base 13) to base 6
-52110105
1201111002120 (base 3) to base 8
3373024
What is -413130004 (base 5) in base 2?
-110011101001101011000
What is -3a653 (base 13) in base 14?
-2b8ab
Convert 3102103030 (base 4) to base 15.
12035d
Convert 3201420000 (base 5) to base 14.
c58a88
-291d8 (base 14) to base 11
-6a62a
Convert -3214056 (base 9) to base 4.
-12210121131
71a94 (base 12) to base 5
14222212
2225335 (base 6) to base 9
181485
What is 167b4 (base 13) in base 2?
1010100001000001
What is 4440113 (base 5) in base 13?
293a1
What is -1112100132 (base 5) in base 6?
-124351420
-37b1a (base 14) to base 13
-4a266
What is -250019 (base 12) in base 6?
-20520033
Convert -8147 (base 16) to base 11.
-22957
6c3c8d (base 15) to base 9
10660087
Convert -24845 (base 10) to base 13.
-b402
221120211 (base 4) to base 13
5c202
What is -222401321 (base 5) in base 15?
-145c0b
What is -4232331 (base 5) in base 15?
-16061
Convert ddf3 (base 16) to base 14.
169c7
What is 319140 (base 10) in base 5?
40203030
25685712 (base 9) to base 6
1130443232
1837224 (base 9) to base 12
417457
Convert 1112010210000 (base 3) to base 4.
3011230131
Convert 13a297 (base 11) to base 9.
362814
Convert 5840a (base 14) to base 3.
101220200112
362ab4a (base 12) to base 4
220012033222
-1635362 (base 7) to base 3
-102120012122
Convert -22134362 (base 8) to base 9.
-8863566
1000000110100110000010 (base 2) to base 7
24024615
-106752 (base 9) to base 5
-4022122
-59178 (base 10) to base 4
-32130222
Convert -5056370 (base 10) to base 8.
-23223562
What is -176158 (base 10) in base 13?
-62248
What is 643588 (base 10) in base 9?
1180747
37362426 (base 8) to base 15
ace981
What is 12163105 (base 7) in base 16?
10a641
Convert 44340320 (base 5) to base 14.
a1040
Convert 301411023 (base 6) to base 8.
23414267
What is -327834 (base 10) in base 16?
-5009a
What is -1eeb4f (base 16) in base 8?
-7565517
Convert 12421230 (base 5) to base 8.
360663
What is -30646543 (base 8) in base 7?
-106213253
What is 103121101211 (base 4) in base 8?
23312145
What is -14bb8b (base 12) in base 3?
-122220111122
Convert -26c954 (base 14) to base 9.
-2463340
1110001100110011111101 (base 2) to base 11
2112845
Convert -17c008 (base 15) to base 11.
-719236
-732069 (base 10) to base 8
-2625645
Convert 200000112022 (base 3) to base 6.
11334012
1a5099 (base 16) to base 10
1724569
What is -10576711 (base 8) in base 14?
-4399d7
Convert -1836952 (base 10) to base 15.
-264437
437853 (base 9) to base 10
261678
Convert 102302203 (base 5) to base 4.
1221113001
-c4a77 (base 15) to base 16
-98302
Convert 10012212101 (base 3) to base 4.
33131131
What is -1bc85f (base 16) in base 12?
-739827
Convert 2029504 (base 10) to base 2.
111101111011111000000
-158748 (base 9) to base 12
-48a75
-110000111010001100 (base 2) to base 8
-607214
Convert -20001323020 (base 4) to base 14.
-3cb1d6
-12695a7 (base 15) to base 11
-7527001
100111110111100100101 (base 2) to base 7
14050522
What is -516958 (base 14) in base 6?
-134504122
Convert 124cb5 (base 15) to base 16.
d61c3
What is -1575323 (base 9) in base 14?
-18b60a
273aee (base 15) to base 10
1885724
What is 10111110101011111 (base 2) in base 11?
67396
Convert b734 (base 16) to base 13.
18469
-58593 (base 11) to base 5
-10201220
e1f9e (base 16) to base 9
1660612
What is -10101110101110100 (base 2) in base 9?
-145640
46154104 (base 7) to base 6
222214451
Convert 229030 (base 13) to base 10.
819520
What is 666041 (base 7) in base 9?
187852
93743 (base 12) to base 4
233011203
What is 112171 (base 11) in base 13?
6336b
Convert 3191c (base 15) to base 2.
100110011001110110
-5ac03 (base 13) to base 16
-28b96
-3324403 (base 6) to base 5
-20320044
323201132233 (base 4) to base 3
1002100202011021
89979 (base 12) to base 8
545055
-1323304035 (base 6) to base 9
-32723185
-810855 (base 11) to base 16
-13e60d
-554152 (base 6) to base 2
-1011010011010100
Convert 5153181 (base 10) to base 16.
4ea19d
What is -25655351 (base 7) in base 13?
-6438a1
What is -112303240 (base 6) in base 11?
-1199484
What is -172282 (base 10) in base 2?
-101010000011111010
What is 120012120012 (base 3) in base 5?
34034200
Convert -1412132023 (base 5) to base 7.
-42566600
-20a2a9 (base 11) to base 14
-8a51b
What is -6467505 (base 8) in base 11?
-a83659
What is 159c4 (base 13) in base 15?
c337
Convert 1111010010000110 (base 2) to base 6.
1201450
Convert 111010001001001000001 (base 2) to base 16.
1d1241
Convert -45cb (base 14) to base 4.
-2331213
What is 3d7900 (base 16) in base 7?
46146254
244102040 (base 6) to base 3
22210110021220
Convert -46c55 (base 15) to base 6.
-4500042
Convert -840a1 (base 13) to base 7.
-2006102
Convert 123002021201 (base 4) to base 10.
7086689
1330286 (base 9) to base 2
10110001110110111111
Convert 1518b91 (base 13) to base 16.
66b67c
Convert -16605502 (base 8) to base 7.
-44614234
fc0cae (base 16) to base 7
260255235
21100010201 (base 3) to base 10
144442
Convert -74d3 (base 16) to base 6.
-350243
What is cdd0a (base 15) in base 8?
2375746
Convert -1956c (base 14) to base 2.
-1111101010111100
Convert 791228 (base 11) to base 2.
100110011110010111001
What is 14123244314 (base 5) in base 2?
1000101010110110001011001
What is -4420341423 (base 5) in base 14?
-13a5c8b
What is -a96a (base 13) in base 9?
-35308
What is -122323420 (base 5) in base 13?
-17827a
Convert -256365 (base 9) to base 7.
-1215404
Convert 24416401 (base 7) to base 14.
40dd38
